{"id":933,"date":"2024-10-01T12:42:09","date_gmt":"2024-10-01T12:42:09","guid":{"rendered":"https:\/\/www.arkete.it\/?page_id=933"},"modified":"2026-02-22T18:45:28","modified_gmt":"2026-02-22T18:45:28","slug":"arkete-2023-2","status":"publish","type":"page","link":"https:\/\/www.arkete.it\/?page_id=933","title":{"rendered":"ARKETE 2023"},"content":{"rendered":"\n<figure class=\"wp-block-image size-large is-resized\"><img loading=\"lazy\" src=\"https:\/\/www.arkete.it\/wp-content\/uploads\/2024\/10\/ARKETE-modif.-935x1024.jpg\" alt=\"\" class=\"wp-image-978\" width=\"468\" height=\"511\" srcset=\"https:\/\/www.arkete.it\/wp-content\/uploads\/2024\/10\/ARKETE-modif.-274x300.jpg 274w, https:\/\/www.arkete.it\/wp-content\/uploads\/2024\/10\/ARKETE-modif.-768x841.jpg 768w, https:\/\/www.arkete.it\/wp-content\/uploads\/2024\/10\/ARKETE-modif.-1403x1536.jpg 1403w, https:\/\/www.arkete.it\/wp-content\/uploads\/2024\/10\/ARKETE-modif.-247x270.jpg 247w\" sizes=\"(max-width: 468px) 100vw, 468px\" \/><\/figure>\n\n\n\n<p style=\"font-size:22px\"><strong>Foreword<\/strong><\/p>\n\n\n\n<p class=\"has-text-color has-medium-font-size\" style=\"color:#17548d\"><a href=\"\/\/www.arkete.it\/wp-content\/uploads\/2024\/10\/INTRODUZIONE-1.pdf\" target=\"_blank\" rel=\"noopener\" title=\"\">Scarica articolo<\/a><\/p>\n\n\n\n<div class=\"wp-container-1 wp-block-group\"><div class=\"wp-block-group__inner-container\">\n<hr class=\"wp-block-separator has-alpha-channel-opacity\"\/>\n<\/div><\/div>\n\n\n\n<p style=\"font-size:22px\"><strong>Alcunch\u00e9 mentali e mondo<\/strong><\/p>\n\n\n\n<p style=\"font-size:17px\"><em>di Mariano L. Bianca<\/em><\/p>\n\n\n\n<p class=\"has-text-color has-medium-font-size\" style=\"color:#08487b\"><a href=\"https:\/\/www.arkete.it\/wp-content\/uploads\/2024\/10\/Mariano-L.-Bianca-2023.pdf\" target=\"_blank\" rel=\"noopener\">Scarica articolo<\/a><\/p>\n\n\n\n<hr class=\"wp-block-separator has-alpha-channel-opacity\"\/>\n\n\n\n<p style=\"font-size:22px\"><strong>Intenzionalit\u00e0 fisica: ossimoro o nuovo paradigma?<\/strong><\/p>\n\n\n\n<p><em>di Roberta Lanfredini<\/em><\/p>\n\n\n\n<p class=\"has-text-color has-medium-font-size\" style=\"color:#124882\"><a href=\"https:\/\/www.arkete.it\/wp-content\/uploads\/2024\/10\/Roberta-Lanfredini-2023.pdf\" target=\"_blank\" rel=\"noopener\">Scarica articolo<\/a><\/p>\n\n\n\n<hr class=\"wp-block-separator has-alpha-channel-opacity\"\/>\n\n\n\n<p style=\"font-size:22px\"><strong>Il mondo percepito<\/strong><\/p>\n\n\n\n<p><em>di Paolo Piccari<\/em><\/p>\n\n\n\n<p class=\"has-text-color has-medium-font-size\" style=\"color:#154c84\"><a href=\"https:\/\/www.arkete.it\/wp-content\/uploads\/2024\/11\/Piccari-Paolo-2023.pdf\" target=\"_blank\" rel=\"noopener\" title=\"Scarica articolo\">Scarica articolo<\/a><\/p>\n\n\n\n<hr class=\"wp-block-separator has-alpha-channel-opacity\"\/>\n\n\n\n<p class=\"has-black-color has-text-color\" style=\"font-size:22px\"><strong>Visual information beyond Gestalt principles:                          Unification       vs. Differentiation, Similarity vs. Dissimilarity<\/strong><\/p>\n\n\n\n<p><em>di Baingio Pinna &amp; Daniele Porcheddu<\/em><\/p>\n\n\n\n<p class=\"has-text-color has-medium-font-size\" style=\"color:#0e4a86\"><a href=\"https:\/\/www.arkete.it\/wp-content\/uploads\/2024\/10\/Pinna-Porcheddu-2023-revisione.pdf\" target=\"_blank\" rel=\"noopener\">Scarica articolo<\/a><\/p>\n\n\n\n<hr class=\"wp-block-separator has-alpha-channel-opacity\"\/>\n\n\n\n<p style=\"font-size:22px\"><strong>Il vago autoritratto dell\u2019io tra realt\u00e0 e illusione.                                      Le difficolt\u00e0 nella percezione e nella rappresentazione dell&#8217;attivit\u00e0 e dell\u2019esperienza interiore<\/strong><\/p>\n\n\n\n<p><em>di Giacomo Romano<\/em><\/p>\n\n\n\n<p class=\"has-text-color has-medium-font-size\" style=\"color:#04549a\"><a href=\"https:\/\/www.arkete.it\/wp-content\/uploads\/2024\/10\/Giacomo-Romano-2023.pdf\" target=\"_blank\" rel=\"noopener\" title=\"Scarica articolo\">Scarica articolo<\/a><\/p>\n","protected":false},"excerpt":{"rendered":"<p>Foreword Scarica articolo Alcunch\u00e9 mentali e mondo di Mariano L. Bianca Scarica articolo Intenzionalit\u00e0 fisica: ossimoro o nuovo paradigma? di Roberta Lanfredini Scarica articolo Il mondo percepito di Paolo Piccari Scarica articolo Visual information beyond Gestalt principles: Unification vs. Differentiation, Similarity vs. Dissimilarity di Baingio Pinna &amp; Daniele Porcheddu Scarica articolo Il vago autoritratto dell\u2019io tra realt\u00e0 e illusione. Le difficolt\u00e0 nella percezione e nella rappresentazione dell&#8217;attivit\u00e0 e dell\u2019esperienza interiore di Giacomo Romano Scarica articolo<\/p>\n","protected":false},"author":1,"featured_media":0,"parent":0,"menu_order":0,"comment_status":"closed","ping_status":"closed","template":"","meta":{"om_disable_all_campaigns":false,"_monsterinsights_skip_tracking":false,"_monsterinsights_sitenote_active":false,"_monsterinsights_sitenote_note":"","_monsterinsights_sitenote_category":0,"_themeisle_gutenberg_block_has_review":false},"aioseo_notices":[],"_links":{"self":[{"href":"https:\/\/www.arkete.it\/index.php?rest_route=\/wp\/v2\/pages\/933"}],"collection":[{"href":"https:\/\/www.arkete.it\/index.php?rest_route=\/wp\/v2\/pages"}],"about":[{"href":"https:\/\/www.arkete.it\/index.php?rest_route=\/wp\/v2\/types\/page"}],"author":[{"embeddable":true,"href":"https:\/\/www.arkete.it\/index.php?rest_route=\/wp\/v2\/users\/1"}],"replies":[{"embeddable":true,"href":"https:\/\/www.arkete.it\/index.php?rest_route=%2Fwp%2Fv2%2Fcomments&post=933"}],"version-history":[{"count":32,"href":"https:\/\/www.arkete.it\/index.php?rest_route=\/wp\/v2\/pages\/933\/revisions"}],"predecessor-version":[{"id":1114,"href":"https:\/\/www.arkete.it\/index.php?rest_route=\/wp\/v2\/pages\/933\/revisions\/1114"}],"wp:attachment":[{"href":"https:\/\/www.arkete.it\/index.php?rest_route=%2Fwp%2Fv2%2Fmedia&parent=933"}],"curies":[{"name":"wp","href":"https:\/\/api.w.org\/{rel}","templated":true}]}}

<figure class="wp-block-image size-large is-resized"><img loading="lazy" src="https://www.arkete.it/wp-content/uploads/2024/10/ARKETE-modif.-935x1024.jpg" alt="" class="wp-image-978" width="468" height="511" srcset="https://www.arkete.it/wp-content/uploads/2024/10/ARKETE-modif.-274x300.jpg 274w, https://www.arkete.it/wp-content/uploads/2024/10/ARKETE-modif.-768x841.jpg 768w, https://www.arkete.it/wp-content/uploads/2024/10/ARKETE-modif.-1403x1536.jpg 1403w, https://www.arkete.it/wp-content/uploads/2024/10/ARKETE-modif.-247x270.jpg 247w" sizes="(max-width: 468px) 100vw, 468px" /></figure>



<p style="font-size:22px"><strong>Foreword</strong></p>



<p class="has-text-color has-medium-font-size" style="color:#17548d"><a href="//www.arkete.it/wp-content/uploads/2024/10/INTRODUZIONE-1.pdf" target="_blank" rel="noopener" title="">Scarica articolo</a></p>



<div class="wp-container-1 wp-block-group"><div class="wp-block-group__inner-container">
<hr class="wp-block-separator has-alpha-channel-opacity"/>
</div></div>



<p style="font-size:22px"><strong>Alcunché mentali e mondo</strong></p>



<p style="font-size:17px"><em>di Mariano L. Bianca</em></p>



<p class="has-text-color has-medium-font-size" style="color:#08487b"><a href="https://www.arkete.it/wp-content/uploads/2024/10/Mariano-L.-Bianca-2023.pdf" target="_blank" rel="noopener">Scarica articolo</a></p>



<hr class="wp-block-separator has-alpha-channel-opacity"/>



<p style="font-size:22px"><strong>Intenzionalità fisica: ossimoro o nuovo paradigma?</strong></p>



<p><em>di Roberta Lanfredini</em></p>



<p class="has-text-color has-medium-font-size" style="color:#124882"><a href="https://www.arkete.it/wp-content/uploads/2024/10/Roberta-Lanfredini-2023.pdf" target="_blank" rel="noopener">Scarica articolo</a></p>



<hr class="wp-block-separator has-alpha-channel-opacity"/>



<p style="font-size:22px"><strong>Il mondo percepito</strong></p>



<p><em>di Paolo Piccari</em></p>



<p class="has-text-color has-medium-font-size" style="color:#154c84"><a href="https://www.arkete.it/wp-content/uploads/2024/11/Piccari-Paolo-2023.pdf" target="_blank" rel="noopener" title="Scarica articolo">Scarica articolo</a></p>



<hr class="wp-block-separator has-alpha-channel-opacity"/>



<p class="has-black-color has-text-color" style="font-size:22px"><strong>Visual information beyond Gestalt principles:                          Unification       vs. Differentiation, Similarity vs. Dissimilarity</strong></p>



<p><em>di Baingio Pinna &amp; Daniele Porcheddu</em></p>



<p class="has-text-color has-medium-font-size" style="color:#0e4a86"><a href="https://www.arkete.it/wp-content/uploads/2024/10/Pinna-Porcheddu-2023-revisione.pdf" target="_blank" rel="noopener">Scarica articolo</a></p>



<hr class="wp-block-separator has-alpha-channel-opacity"/>



<p style="font-size:22px"><strong>Il vago autoritratto dell’io tra realtà e illusione.                                      Le difficoltà nella percezione e nella rappresentazione dell&#8217;attività e dell’esperienza interiore</strong></p>



<p><em>di Giacomo Romano</em></p>



<p class="has-text-color has-medium-font-size" style="color:#04549a"><a href="https://www.arkete.it/wp-content/uploads/2024/10/Giacomo-Romano-2023.pdf" target="_blank" rel="noopener" title="Scarica articolo">Scarica articolo</a></p>

<p>Foreword Scarica articolo Alcunché mentali e mondo di Mariano L. Bianca Scarica articolo Intenzionalità fisica: ossimoro o nuovo paradigma? di Roberta Lanfredini Scarica articolo Il mondo percepito di Paolo Piccari Scarica articolo Visual information beyond Gestalt principles: Unification vs. Differentiation, Similarity vs. Dissimilarity di Baingio Pinna &amp; Daniele Porcheddu Scarica articolo Il vago autoritratto dell’io tra realtà e illusione. Le difficoltà nella percezione e nella rappresentazione dell&#8217;attività e dell’esperienza interiore di Giacomo Romano Scarica articolo</p>
